= n**2 - 5*n - 7. Let d be x(6). Let f be (0/(-1))/(-27 + 26) + 14. Let y = f - d. Calculate the remainder when y is divided by 10.
5
Let v(r) = 7*r**2 - 84*r + 84. What is the remainder when v(31) is divided by 117?
112
Suppose 8*w = 11*w + 15. Let x(b) = -2 + b**3 - 32*b + 6*b**2 + 32*b. What is the remainder when x(w) is divided by 6?
5
Suppose -2*z - 4*w + 1170 = 176, -2*z + 980 = -3*w. What is the remainder when z is divided by 8?
5
Suppose -3*c - 3*c + 390 = 0. Calculate the remainder when c is divided by (120/200)/(2/90).
11
Suppose -4*t + 2*l + 45 = -11, 45 = 3*t - 3*l. Let d = t - 38. Let b = d + 29. What is the remainder when b is divided by 3?
1
Suppose -23*r + 6*r + 2325 = 8*r. Calculate the remainder when 371 is divided by r.
92
Suppose 4*i - 586 = -5*d + 68, 2*i - 372 = -10*d. Calculate the remainder when 287 is divided by i.
131
Suppose 2*w + 886 = 5*u, 3*u - 275 = 2*w + 259. Let t be (0 - 5/15)*(-248 + -1). Let r = u - t. Calculate the remainder when r is divided by 48.
45
Let q(a) = -302 + 611 - 5*a - 289. What is the remainder when q(0) is divided by 14?
6
Suppose 46*w - 11303 - 3607 + 3870 = 0. What is the remainder when 2638 is divided by w?
238
Let f(g) = -g**2 + 10*g - 13. Let d be f(11). Let c = 46 + d. Suppose 8*k - c - 210 = 0. Calculate the remainder when 113 is divided by k.
26
Suppose -1622 = -4*r + 3578. Suppose 4*z = 4*w - 1133 + 93, 5*w - r = -z. Calculate the remainder when w is divided by 66.
62
Let w(n) = -2 - n**3 - 2*n**2 - 8*n**2 - 6 + 3*n - 4*n. Suppose -15*h + 25 = -10*h - 4*u, h = u + 5. What is the remainder when h is divided by w(-10)?
1
Let y(c) = 3*c - 49. Suppose -38*j + 600 = -13*j. What is the remainder when 114 is divided by y(j)?
22
What is the remainder when 10/35 + 3884/28 + 8 is divided by 17?
11
Let v = 283 + -252. Suppose 3*b - 228 = 5*c, -b - c - c + 87 = 0. Let q = b + 40. Calculate the remainder when q is divided by v.
28
Suppose -a - 4*a + 337 = j, -4*a = -4*j + 1420. Calculate the remainder when j is divided by 89.
85
Suppose 5*a - 4*y - 3891 = 0, 47*a - 4*y - 2341 = 44*a. What is the remainder when 1554 is divided by a?
4
Let a(q) = -q**3 + 7*q**2 + 14*q - 69. Let s be a(8). What is the remainder when 134 is divided by 2178/126 - (-6)/s?
15
Let d(k) = -123*k + 1. Let q = 278 + -275. Suppose -q*g + 47 = -5*c, -5*g = 16*c - 11*c - 65. What is the remainder when d(-1) is divided by g?
12
Let s(i) = i**2 + 9*i + 25. Let u be s(-9). Let z = u + -35. Let p = z + 39. What is the remainder when p is divided by 8?
5
Suppose 0 = 2*f + 5*p - 1576, 5*f + 3152 = 9*f + 3*p. Calculate the remainder when f is divided by 86.
14
Let h = 6375 + -6362. Calculate the remainder when 920 is divided by h.
10
Calculate the remainder when 174 is divided by (15*((-9)/(-27))/((-2)/10))/(-1).
24
Suppose 7*h + 298 - 1306 = -5*h. Calculate the remainder when h is divided by 22.
18
Let y(t) = 11*t**2 + 27*t - 47. Calculate the remainder when 280 is divided by y(2).
25
Let v(k) = -314*k - 568. What is the remainder when 247 is divided by v(-2)?
7
Let p = -6735 + 6771. What is the remainder when 164 is divided by p?
20
Suppose 260 - 50 = -2*w. Let c = w - -363. Suppose -3*g = -5*j - 160, -4*j - c = -4*g - g. Calculate the remainder when g is divided by 17.
16
Suppose 0*h - 4044 = 12*h. Let j = h - -411. What is the remainder when 142 is divided by j?
68
Let n = -35 + 35. Suppose n = -3*z + 7 + 2. Calculate the remainder when 45 is divided by (-6)/(-5 + z) + 14.
11
Let p(g) = -g**2 + 16*g + 25. Let v(d) = d + 7. Let r be v(8). Let c = -24 - -36. What is the remainder when p(r) is divided by c?
4
Let x(q) = -4 + 2*q - q + 3*q - 2*q**3 + 27*q**2 + 2*q**2 - 7*q**2. What is the remainder when 78 is divided by x(11)?
38
Suppose 84*m + 8 = 91*m - 62. What is the remainder when (-2)/(-2 + 128/66) is divided by m?
3
Let x(u) = 8*u**2 + 34*u + 201. Calculate the remainder when x(-8) is divided by 13.
12
Suppose 40694 = 237*x + 12017. What is the remainder when 1934 is divided by x?
119
Let t be (8/3)/(22/33). Suppose t*k - 228 = -2*v + 88, -3*k + 2*v + 230 = 0. Let f = k + -51. Calculate the remainder when f is divided by 15.
12
Let p = 27266 + -22358. What is the remainder when p is divided by 13?
7
Let i(n) = -n**3 + 11*n**2 - 6*n - 11. Suppose -3*l = 2 - 14. Suppose 0 = -l*j - 83 + 107. Calculate the remainder when i(10) is divided by j.
5
What is the remainder when 512 is divided by 770/66 + ((-4)/2)/(-6)?
8
Calculate the remainder when 5086 is divided by (24/(-16))/((-36)/(-2544))*(-2)/4.
51
Let a = 1202 + -919. What is the remainder when a is divided by 38?
17
Calculate the remainder when 8 + (8 + -4)/(54/2943) is divided by 105.
16
Let d(r) = r + 20. Suppose 5*f - 10 = -3*c, -f + 2*c + 3*c + 2 = 0. Suppose 3*s - 300 = -f*s. Calculate the remainder when s is divided by d(1).
18
Let g(m) = -m**3 - 36*m**2 - 37*m - 44. Let n be g(-35). What is the remainder when n*5/(-6)*15/(-25) is divided by 3?
1
Suppose 479*j - 38359 - 5241 = 43*j. Let p(v) = 3*v**2 - 9*v + 6. What is the remainder when p(8) is divided by j?
26
Let v = 3069 - 2854. What is the remainder when 1077 is divided by v?
2
Suppose -4*n = 3*c - c + 522, -c = -5*n - 649. Let l = n - -347. Calculate the remainder when l is divided by 56.
49
Let c(d) be the first derivative of -3*d**2/2 - 4*d + 1. Suppose 3 = -l - 4. Calculate the remainder when 83 is divided by c(l).
15
Let m = -50 + 144. Suppose 3*z - 14 = -5*s + 4*s, 27 = 3*s + 4*z. Suppose w + x = -2*x + 15, s*x - 33 = -2*w. Calculate the remainder when m is divided by w.
22
Suppose 307 = 16*w - 157. Suppose 8*r = 35 + w. Calculate the remainder when 29 is divided by r.
5
Suppose -35*i = 26*i - 15*i - 230. What is the remainder when 149 is divided by i?
4
Suppose -2*p - 2*k + 94 = -4*k, 2*k = -14. What is the remainder when 1830 is divided by p?
30
What is the remainder when 2047 is divided by 17 + (-91)/13*2 + 105?
103
Suppose 0 = -62*k + 180*k - 18762. Calculate the remainder when 446 is divided by k.
128
Suppose -2*s - 4 + 0 = 0. Let y be ((-12)/(-21))/(s/(-14)). Suppose 2*o = 6*o, 0 = -5*w - y*o + 145. What is the remainder when 56 is divided by w?
27
Let h(w) = w**2 + 74*w + 662. Calculate the remainder when 193 is divided by h(-9).
39
Let x = 5 + 49. Let u = -51 + x. Suppose 0 = -y - 4*c + 31, -3*y + 102 = -u*c - 51. What is the remainder when y is divided by 26?
21
Suppose -5*f = 3*n - 28732, 0 = -28*f + 36*f + 2*n - 45960. Calculate the remainder when f is divided by 26.
24
Let x = -102 - -287. Let w be (2/(-2) + 2)*(2 + 3). Suppose -w*c + x = -i - 0*i, 0 = i. Calculate the remainder when c is divided by 13.
11
Let k(g) = -3*g**3 - 5*g**2 - 4*g - 3. Let s be k(-3). Suppose 0 = 4*i - i - s. Calculate the remainder when 59 is divided by (-14)/(-35) + (-2)/5 + i.
14
Let a = -111 - -229. Suppose -i = -3*i - 2*l + a, -4*i - 2*l + 240 = 0. Let n = -298 - -311. Calculate the remainder when i is divided by n.
9
Let u(h) = 5*h**2 - 3*h - 106. What is the remainder when 288 is divided by u(-6)?
12
Suppose -210*y + 298 = -3002 - 2160. Suppose u - 97 = -0*n - 2*n, 4*n - 2*u = 214. What is the remainder when n is divided by y?
25
Let n(b) = -58*b - 7405. Let v(x) = -x**3 + 5*x**2 + 7*x - 1. Calculate the remainder when v(5) is divided by n(-128).
15
Suppose -18*i + 22*i = -p + 1772, -2208 = -5*i - 3*p. What is the remainder when i is divided by 105?
24
Suppose 6*k - k - 210 = -5*c, -2*k + 84 = -c. Suppose 2*a + 27 = 3*p, -6 = -6*a + 4*a. What is the remainder when k is divided by p?
9
Suppose 0 = 15*k - 2846 + 1211. Calculate the remainder when 134 is divided by k.
25
Let y(t) = -2*t - 1. Let g be y(3). Let z = 0 - -17. Calculate the remainder when ((-42)/4)/(g - (-371)/56) is divided by z.
11
Suppose 42*t + 52365 = 57*t. Suppose -26*d = -1631 - t. What is the remainder when d is divided by 18?
17
Let f(d) be the second derivative of -33*d**5/20 - d**4/6 - d**3/3 + 14*d - 2. What is the remainder when 154 is divided by f(-1)?
22
Let m(c) = -2*c**3 - 14*c**2 - 36*c + 3. What is the remainder when 149 is divided by m(-4)?
47
Let i = -18878 - -18907. What is the remainder when 2140 is divided by i?
23
Let t = -12637 + 12647. Calculate the remainder when 783 is divided by t.
3
Suppose -5*f + j + 45 = 0, -8 = -f + 3*